{"id":1551,"date":"2025-02-07T20:52:00","date_gmt":"2025-02-07T23:52:00","guid":{"rendered":"https:\/\/tecin-mineria.com.ar\/?page_id=1551"},"modified":"2026-03-03T11:43:19","modified_gmt":"2026-03-03T14:43:19","slug":"sistemas-de-agente-quimico-seco","status":"publish","type":"page","link":"https:\/\/tecin-mineria.com.ar\/si20te17\/sistemas-de-agente-quimico-seco\/","title":{"rendered":"SISTEMAS DE AGENTE QUIMICO SECO"},"content":{"rendered":"<p>[vc_row][vc_column][vc_btn title=&#8221;Volver&#8221; style=&#8221;flat&#8221; shape=&#8221;square&#8221; color=&#8221;default&#8221; size=&#8221;xs&#8221; i_icon_fontawesome=&#8221;fas fa-arrow-left&#8221; add_icon=&#8221;true&#8221; link=&#8221;url:https%3A%2F%2Ftecin-mineria.com.ar%2Fsi20te17%2Fproductos%2Fsistemas-de-supresion-de-incendios%2F|title:Sistemas%20de%20supresi%C3%B3n%20de%20incendios&#8221; css=&#8221;.vc_custom_1772548014677{background-color: #ffffff !important;}&#8221;][\/vc_column][\/vc_row][vc_row][vc_column width=&#8221;1\/2&#8243;][vc_single_image image=&#8221;2325&#8243; img_size=&#8221;full&#8221; style=&#8221;vc_box_shadow_3d&#8221;][\/vc_column][vc_column width=&#8221;1\/2&#8243;][vc_column_text]Los sistemas de supresi\u00f3n de incendios de agente qu\u00edmico seco es la soluci\u00f3n m\u00e1s vers\u00e1til.<\/p>\n<p>Este tipo de sistemas de supresi\u00f3n de incendios proporcionan una extinci\u00f3n m\u00e1s r\u00e1pida y la mayor cobertura total, lo que los convierte en el est\u00e1ndar de la industria para aplicaciones de equipos pesados.<\/p>\n<p>Los sistemas de qu\u00edmicos secos brindan protecci\u00f3n contra incendios de clase A (escombros), clase B (combustible) y clase C (el\u00e9ctricos). Este tipo de sistema es eficaz al inundar un volumen de espacio, como el compartimiento del motor de un veh\u00edculo, con un agente extintor de incendios para sofocar la llama.[\/vc_column_text][\/vc_column][\/vc_row][vc_row][vc_column][vc_column_text css=&#8221;.vc_custom_1772548911618{margin-top: 20px !important;}&#8221;]<\/p>\n<h6><b>Caracter\u00edsticas del sistema de polvo qu\u00edmico seco<\/b><\/h6>\n<p>[\/vc_column_text][\/vc_column][vc_column width=&#8221;1\/2&#8243;][vc_column_text css=&#8221;.vc_custom_1772548928861{margin-top: 20px !important;}&#8221;]<\/p>\n<ul>\n<li>Inundaci\u00f3n total, especialmente en \u00e1reas bien cerradas.<\/li>\n<li>Velocidad de extinci\u00f3n de incendios sin igual.<\/li>\n<li>Las bisagras accionadas por resorte mantienen las boquillas libres de residuos con un mantenimiento m\u00ednimo.<\/li>\n<li>Descarga manual y autom\u00e1tica del sistema<\/li>\n<\/ul>\n<p>[\/vc_column_text][\/vc_column][vc_column width=&#8221;1\/2&#8243;][vc_column_text css=&#8221;.vc_custom_1772548936507{margin-top: 20px !important;}&#8221;]<\/p>\n<ul>\n<li>Ocupa poco espacio.<\/li>\n<li>Protecci\u00f3n contra incendios de clase A, B y C.<\/li>\n<li>Disponible en tama\u00f1os de 20, 30, 60 y 125 lb.<\/li>\n<li>Apto para temperaturas tan bajas como -40 \u00b0F (-40 \u00b0C).<\/li>\n<li>Probado y aprobado por FM HDME, Activfire, AS 5062 y CE<\/li>\n<\/ul>\n<p>[\/vc_column_text][\/vc_column][\/vc_row][vc_row][vc_column][vc_empty_space height=&#8221;60px&#8221;][vc_btn title=&#8221;VER TODOS LOS PRODUCTOS&#8221; style=&#8221;outline&#8221; shape=&#8221;round&#8221; color=&#8221;black&#8221; align=&#8221;center&#8221; link=&#8221;url:https%3A%2F%2Ftecin-mineria.com.ar%2Fsi20te17%2Fproductos%2F|title:Productos&#8221;][\/vc_column][\/vc_row]<\/p>\n","protected":false},"excerpt":{"rendered":"<p>[vc_row][vc_column][vc_btn title=&#8221;Volver&#8221; style=&#8221;flat&#8221; shape=&#8221;square&#8221; color=&#8221;default&#8221; size=&#8221;xs&#8221; i_icon_fontawesome=&#8221;fas fa-arrow-left&#8221; add_icon=&#8221;true&#8221; link=&#8221;url:https%3A%2F%2Ftecin-mineria.com.ar%2Fsi20te17%2Fproductos%2Fsistemas-de-supresion-de-incendios%2F|title:Sistemas%20de%20supresi%C3%B3n%20de%20incendios&#8221; css=&#8221;.vc_custom_1772548014677{background-color: #ffffff !important;}&#8221;][\/vc_column][\/vc_row][vc_row][vc_column width=&#8221;1\/2&#8243;][vc_single_image image=&#8221;2325&#8243; img_size=&#8221;full&#8221; style=&#8221;vc_box_shadow_3d&#8221;][\/vc_column][vc_column width=&#8221;1\/2&#8243;][vc_column_text]Los sistemas de supresi\u00f3n de incendios de agente qu\u00edmico seco es la soluci\u00f3n m\u00e1s vers\u00e1til. Este tipo de sistemas de supresi\u00f3n de incendios proporcionan una extinci\u00f3n m\u00e1s r\u00e1pida y la mayor cobertura total, lo que los convierte en<\/p>\n","protected":false},"author":4,"featured_media":0,"parent":0,"menu_order":0,"comment_status":"closed","ping_status":"closed","template":"","meta":{"footnotes":""},"class_list":["post-1551","page","type-page","status-publish","hentry"],"yoast_head":"<!-- This site is optimized with the Yoast SEO plugin v27.1.1 - https:\/\/yoast.com\/product\/yoast-seo-wordpress\/ -->\n<title>SISTEMAS DE AGENTE QUIMICO SECO - TECIN - MINERIA<\/title>\n<meta name=\"robots\" content=\"index, follow, max-snippet:-1, max-image-preview:large, max-video-preview:-1\" \/>\n<link rel=\"canonical\" href=\"https:\/\/tecin-mineria.com.ar\/si20te17\/sistemas-de-agente-quimico-seco\/\" \/>\n<meta property=\"og:locale\" content=\"es_ES\" \/>\n<meta property=\"og:type\" content=\"article\" \/>\n<meta property=\"og:title\" content=\"SISTEMAS DE AGENTE QUIMICO SECO - TECIN - MINERIA\" \/>\n<meta property=\"og:description\" content=\"[vc_row][vc_column][vc_btn title=&#8221;Volver&#8221; style=&#8221;flat&#8221; shape=&#8221;square&#8221; color=&#8221;default&#8221; size=&#8221;xs&#8221; i_icon_fontawesome=&#8221;fas fa-arrow-left&#8221; add_icon=&#8221;true&#8221; link=&#8221;url:https%3A%2F%2Ftecin-mineria.com.ar%2Fsi20te17%2Fproductos%2Fsistemas-de-supresion-de-incendios%2F|title:Sistemas%20de%20supresi%C3%B3n%20de%20incendios&#8221; css=&#8221;.vc_custom_1772548014677{background-color: #ffffff !important;}&#8221;][\/vc_column][\/vc_row][vc_row][vc_column width=&#8221;1\/2&#8243;][vc_single_image image=&#8221;2325&#8243; img_size=&#8221;full&#8221; style=&#8221;vc_box_shadow_3d&#8221;][\/vc_column][vc_column width=&#8221;1\/2&#8243;][vc_column_text]Los sistemas de supresi\u00f3n de incendios de agente qu\u00edmico seco es la soluci\u00f3n m\u00e1s vers\u00e1til. Este tipo de sistemas de supresi\u00f3n de incendios proporcionan una extinci\u00f3n m\u00e1s r\u00e1pida y la mayor cobertura total, lo que los convierte en\" \/>\n<meta property=\"og:url\" content=\"https:\/\/tecin-mineria.com.ar\/si20te17\/sistemas-de-agente-quimico-seco\/\" \/>\n<meta property=\"og:site_name\" content=\"TECIN - MINERIA\" \/>\n<meta property=\"article:modified_time\" content=\"2026-03-03T14:43:19+00:00\" \/>\n<meta name=\"twitter:card\" content=\"summary_large_image\" \/>\n<meta name=\"twitter:label1\" content=\"Tiempo de lectura\" \/>\n\t<meta name=\"twitter:data1\" content=\"2 minutos\" \/>\n<script type=\"application\/ld+json\" class=\"yoast-schema-graph\">{\"@context\":\"https:\/\/schema.org\",\"@graph\":[{\"@type\":\"WebPage\",\"@id\":\"https:\/\/tecin-mineria.com.ar\/si20te17\/sistemas-de-agente-quimico-seco\/\",\"url\":\"https:\/\/tecin-mineria.com.ar\/si20te17\/sistemas-de-agente-quimico-seco\/\",\"name\":\"SISTEMAS DE AGENTE QUIMICO SECO - TECIN - MINERIA\",\"isPartOf\":{\"@id\":\"https:\/\/tecin-mineria.com.ar\/si20te17\/#website\"},\"datePublished\":\"2025-02-07T23:52:00+00:00\",\"dateModified\":\"2026-03-03T14:43:19+00:00\",\"breadcrumb\":{\"@id\":\"https:\/\/tecin-mineria.com.ar\/si20te17\/sistemas-de-agente-quimico-seco\/#breadcrumb\"},\"inLanguage\":\"es-AR\",\"potentialAction\":[{\"@type\":\"ReadAction\",\"target\":[\"https:\/\/tecin-mineria.com.ar\/si20te17\/sistemas-de-agente-quimico-seco\/\"]}]},{\"@type\":\"BreadcrumbList\",\"@id\":\"https:\/\/tecin-mineria.com.ar\/si20te17\/sistemas-de-agente-quimico-seco\/#breadcrumb\",\"itemListElement\":[{\"@type\":\"ListItem\",\"position\":1,\"name\":\"Inicio\",\"item\":\"https:\/\/tecin-mineria.com.ar\/si20te17\/\"},{\"@type\":\"ListItem\",\"position\":2,\"name\":\"SISTEMAS DE AGENTE QUIMICO SECO\"}]},{\"@type\":\"WebSite\",\"@id\":\"https:\/\/tecin-mineria.com.ar\/si20te17\/#website\",\"url\":\"https:\/\/tecin-mineria.com.ar\/si20te17\/\",\"name\":\"TECIN - MINERIA\",\"description\":\"SOCIOS EN LA SEGURIDAD\",\"publisher\":{\"@id\":\"https:\/\/tecin-mineria.com.ar\/si20te17\/#organization\"},\"potentialAction\":[{\"@type\":\"SearchAction\",\"target\":{\"@type\":\"EntryPoint\",\"urlTemplate\":\"https:\/\/tecin-mineria.com.ar\/si20te17\/?s={search_term_string}\"},\"query-input\":{\"@type\":\"PropertyValueSpecification\",\"valueRequired\":true,\"valueName\":\"search_term_string\"}}],\"inLanguage\":\"es-AR\"},{\"@type\":\"Organization\",\"@id\":\"https:\/\/tecin-mineria.com.ar\/si20te17\/#organization\",\"name\":\"Tecin Mineria\",\"url\":\"https:\/\/tecin-mineria.com.ar\/si20te17\/\",\"logo\":{\"@type\":\"ImageObject\",\"inLanguage\":\"es-AR\",\"@id\":\"https:\/\/tecin-mineria.com.ar\/si20te17\/#\/schema\/logo\/image\/\",\"url\":\"https:\/\/tecin-mineria.com.ar\/si20te17\/wp-content\/uploads\/2018\/12\/TECIN-Mineria-logo-3.png\",\"contentUrl\":\"https:\/\/tecin-mineria.com.ar\/si20te17\/wp-content\/uploads\/2018\/12\/TECIN-Mineria-logo-3.png\",\"width\":328,\"height\":195,\"caption\":\"Tecin Mineria\"},\"image\":{\"@id\":\"https:\/\/tecin-mineria.com.ar\/si20te17\/#\/schema\/logo\/image\/\"},\"sameAs\":[\"https:\/\/www.linkedin.com\/in\/daniel-ab\u00e9-07754027\/\"]}]}<\/script>\n<!-- \/ Yoast SEO plugin. -->","yoast_head_json":{"title":"SISTEMAS DE AGENTE QUIMICO SECO - TECIN - MINERIA","robots":{"index":"index","follow":"follow","max-snippet":"max-snippet:-1","max-image-preview":"max-image-preview:large","max-video-preview":"max-video-preview:-1"},"canonical":"https:\/\/tecin-mineria.com.ar\/si20te17\/sistemas-de-agente-quimico-seco\/","og_locale":"es_ES","og_type":"article","og_title":"SISTEMAS DE AGENTE QUIMICO SECO - TECIN - MINERIA","og_description":"[vc_row][vc_column][vc_btn title=&#8221;Volver&#8221; style=&#8221;flat&#8221; shape=&#8221;square&#8221; color=&#8221;default&#8221; size=&#8221;xs&#8221; i_icon_fontawesome=&#8221;fas fa-arrow-left&#8221; add_icon=&#8221;true&#8221; link=&#8221;url:https%3A%2F%2Ftecin-mineria.com.ar%2Fsi20te17%2Fproductos%2Fsistemas-de-supresion-de-incendios%2F|title:Sistemas%20de%20supresi%C3%B3n%20de%20incendios&#8221; css=&#8221;.vc_custom_1772548014677{background-color: #ffffff !important;}&#8221;][\/vc_column][\/vc_row][vc_row][vc_column width=&#8221;1\/2&#8243;][vc_single_image image=&#8221;2325&#8243; img_size=&#8221;full&#8221; style=&#8221;vc_box_shadow_3d&#8221;][\/vc_column][vc_column width=&#8221;1\/2&#8243;][vc_column_text]Los sistemas de supresi\u00f3n de incendios de agente qu\u00edmico seco es la soluci\u00f3n m\u00e1s vers\u00e1til. Este tipo de sistemas de supresi\u00f3n de incendios proporcionan una extinci\u00f3n m\u00e1s r\u00e1pida y la mayor cobertura total, lo que los convierte en","og_url":"https:\/\/tecin-mineria.com.ar\/si20te17\/sistemas-de-agente-quimico-seco\/","og_site_name":"TECIN - MINERIA","article_modified_time":"2026-03-03T14:43:19+00:00","twitter_card":"summary_large_image","twitter_misc":{"Tiempo de lectura":"2 minutos"},"schema":{"@context":"https:\/\/schema.org","@graph":[{"@type":"WebPage","@id":"https:\/\/tecin-mineria.com.ar\/si20te17\/sistemas-de-agente-quimico-seco\/","url":"https:\/\/tecin-mineria.com.ar\/si20te17\/sistemas-de-agente-quimico-seco\/","name":"SISTEMAS DE AGENTE QUIMICO SECO - TECIN - MINERIA","isPartOf":{"@id":"https:\/\/tecin-mineria.com.ar\/si20te17\/#website"},"datePublished":"2025-02-07T23:52:00+00:00","dateModified":"2026-03-03T14:43:19+00:00","breadcrumb":{"@id":"https:\/\/tecin-mineria.com.ar\/si20te17\/sistemas-de-agente-quimico-seco\/#breadcrumb"},"inLanguage":"es-AR","potentialAction":[{"@type":"ReadAction","target":["https:\/\/tecin-mineria.com.ar\/si20te17\/sistemas-de-agente-quimico-seco\/"]}]},{"@type":"BreadcrumbList","@id":"https:\/\/tecin-mineria.com.ar\/si20te17\/sistemas-de-agente-quimico-seco\/#breadcrumb","itemListElement":[{"@type":"ListItem","position":1,"name":"Inicio","item":"https:\/\/tecin-mineria.com.ar\/si20te17\/"},{"@type":"ListItem","position":2,"name":"SISTEMAS DE AGENTE QUIMICO SECO"}]},{"@type":"WebSite","@id":"https:\/\/tecin-mineria.com.ar\/si20te17\/#website","url":"https:\/\/tecin-mineria.com.ar\/si20te17\/","name":"TECIN - MINERIA","description":"SOCIOS EN LA SEGURIDAD","publisher":{"@id":"https:\/\/tecin-mineria.com.ar\/si20te17\/#organization"},"potentialAction":[{"@type":"SearchAction","target":{"@type":"EntryPoint","urlTemplate":"https:\/\/tecin-mineria.com.ar\/si20te17\/?s={search_term_string}"},"query-input":{"@type":"PropertyValueSpecification","valueRequired":true,"valueName":"search_term_string"}}],"inLanguage":"es-AR"},{"@type":"Organization","@id":"https:\/\/tecin-mineria.com.ar\/si20te17\/#organization","name":"Tecin Mineria","url":"https:\/\/tecin-mineria.com.ar\/si20te17\/","logo":{"@type":"ImageObject","inLanguage":"es-AR","@id":"https:\/\/tecin-mineria.com.ar\/si20te17\/#\/schema\/logo\/image\/","url":"https:\/\/tecin-mineria.com.ar\/si20te17\/wp-content\/uploads\/2018\/12\/TECIN-Mineria-logo-3.png","contentUrl":"https:\/\/tecin-mineria.com.ar\/si20te17\/wp-content\/uploads\/2018\/12\/TECIN-Mineria-logo-3.png","width":328,"height":195,"caption":"Tecin Mineria"},"image":{"@id":"https:\/\/tecin-mineria.com.ar\/si20te17\/#\/schema\/logo\/image\/"},"sameAs":["https:\/\/www.linkedin.com\/in\/daniel-ab\u00e9-07754027\/"]}]}},"_links":{"self":[{"href":"https:\/\/tecin-mineria.com.ar\/si20te17\/wp-json\/wp\/v2\/pages\/1551","targetHints":{"allow":["GET"]}}],"collection":[{"href":"https:\/\/tecin-mineria.com.ar\/si20te17\/wp-json\/wp\/v2\/pages"}],"about":[{"href":"https:\/\/tecin-mineria.com.ar\/si20te17\/wp-json\/wp\/v2\/types\/page"}],"author":[{"embeddable":true,"href":"https:\/\/tecin-mineria.com.ar\/si20te17\/wp-json\/wp\/v2\/users\/4"}],"replies":[{"embeddable":true,"href":"https:\/\/tecin-mineria.com.ar\/si20te17\/wp-json\/wp\/v2\/comments?post=1551"}],"version-history":[{"count":10,"href":"https:\/\/tecin-mineria.com.ar\/si20te17\/wp-json\/wp\/v2\/pages\/1551\/revisions"}],"predecessor-version":[{"id":2600,"href":"https:\/\/tecin-mineria.com.ar\/si20te17\/wp-json\/wp\/v2\/pages\/1551\/revisions\/2600"}],"wp:attachment":[{"href":"https:\/\/tecin-mineria.com.ar\/si20te17\/wp-json\/wp\/v2\/media?parent=1551"}],"curies":[{"name":"wp","href":"https:\/\/api.w.org\/{rel}","templated":true}]}}