{"id":1830,"date":"2021-10-04T16:16:58","date_gmt":"2021-10-04T19:16:58","guid":{"rendered":"http:\/\/nomadigc-cp707.wordpresstemporal.com\/tecin-mineria.com.ar\/?page_id=1830"},"modified":"2021-10-29T17:12:03","modified_gmt":"2021-10-29T20:12:03","slug":"politica-de-apoyo-a-la-maternidad","status":"publish","type":"page","link":"https:\/\/tecin-mineria.com.ar\/si20te17\/politica-de-apoyo-a-la-maternidad\/","title":{"rendered":"Pol\u00edtica de Apoyo a la Maternidad"},"content":{"rendered":"<p>[vc_row][vc_column width=&#8221;4\/5&#8243; css=&#8221;.vc_custom_1635538273087{margin-top: 100px !important;}&#8221;][vc_custom_heading text=&#8221;Pol\u00edtica de Apoyo a la Maternidad&#8221; font_container=&#8221;tag:h3|text_align:left&#8221; use_theme_fonts=&#8221;yes&#8221;][vc_separator][vc_empty_space][vc_column_text]<span style=\"font-weight: 400;\">En TECIN MINER\u00cdA, estamos comprometidos en la protecci\u00f3n de la familia de nuestros\u00a0 empleados, brindando apoyo a la maternidad y promoviendo la corresponsabilidad del padre. <\/span><\/p>\n<ul>\n<li><span style=\"font-weight: 400;\"><span style=\"font-weight: 400;\">\u2022 Las mujeres embarazadas no podr\u00e1n realizar tareas que sean potencialmente\u00a0 peligrosas para su salud o la del ni\u00f1o por nacer.<br \/>\n<\/span><\/span><\/li>\n<li><span style=\"font-weight: 400;\"><span style=\"font-weight: 400;\">\u2022 Garantizamos a todas nuestras colaboradoras una licencia por maternidad, con goce\u00a0 de haberes en los t\u00e9rminos que establece la ley.<br \/>\n<\/span><\/span><\/li>\n<li><span style=\"font-weight: 400;\"><span style=\"font-weight: 400;\">\u2022 Los padres gozar\u00e1n de una licencia de 5 (cinco) d\u00edas para ayudar en los primeros d\u00edas\u00a0 de la crianza del nuevo hijo.<br \/>\n<\/span><\/span><\/li>\n<li><span style=\"font-weight: 400;\"><span style=\"font-weight: 400;\">\u2022 Una vez transcurrida la licencia por maternidad, nuestras colaboradoras podr\u00e1n, si es\u00a0 que as\u00ed lo desean y las caracter\u00edsticas de su puesto lo permite, optar por realizar tareas\u00a0 en forma remota desde su hogar, al menos 3 (tres) d\u00edas a la semana.<br \/>\n<\/span><\/span><\/li>\n<li><span style=\"font-weight: 400;\"><span style=\"font-weight: 400;\">\u2022 Todos los padres, en caso de fallecimiento de la madre antes de acabarse el per\u00edodo de\u00a0 licencia postnatal, gozar\u00e1n de a una licencia equivalente al tiempo que falte para que\u00a0 expire el per\u00edodo de la licencia posterior al parto concedida a la madre.<br \/>\n<\/span><\/span><\/li>\n<li><span style=\"font-weight: 400;\"><span style=\"font-weight: 400;\"><span style=\"font-weight: 400;\">\u2022 Los padres, en caso de enfermedad o de hospitalizaci\u00f3n de la madre despu\u00e9s del parto\u00a0 y antes de que expire el per\u00edodo de licencia posterior al parto y si \u00e9sta no puede\u00a0 ocuparse del hijo, tendr\u00e1 una licencia para ocuparse del hijo de una duraci\u00f3n\u00a0 equivalente al tiempo que falte para que expire el per\u00edodo de licencia postnatal\u00a0 concedida a su esposa, de conformidad con la legislaci\u00f3n.<\/span><\/span><\/span><\/li>\n<li><span style=\"font-weight: 400;\">\u2022 En caso de adopci\u00f3n, las licencias de maternidad y paternidad ser\u00e1n las mismas.\u00a0<\/span><\/li>\n<\/ul>\n<p>[\/vc_column_text][vc_empty_space][\/vc_column][\/vc_row]<\/p>\n","protected":false},"excerpt":{"rendered":"<p>[vc_row][vc_column width=&#8221;4\/5&#8243; css=&#8221;.vc_custom_1635538273087{margin-top: 100px !important;}&#8221;][vc_custom_heading text=&#8221;Pol\u00edtica de Apoyo a la Maternidad&#8221; font_container=&#8221;tag:h3|text_align:left&#8221; use_theme_fonts=&#8221;yes&#8221;][vc_separator][vc_empty_space][vc_column_text]En TECIN MINER\u00cdA, estamos comprometidos en la protecci\u00f3n de la familia de nuestros\u00a0 empleados, brindando apoyo a la maternidad y promoviendo la corresponsabilidad del padre. \u2022 Las mujeres embarazadas no podr\u00e1n realizar tareas que sean potencialmente\u00a0 peligrosas para su salud o la del<\/p>\n","protected":false},"author":6,"featured_media":0,"parent":0,"menu_order":0,"comment_status":"closed","ping_status":"closed","template":"tpl-visual_composer.php","meta":{"footnotes":""},"class_list":["post-1830","page","type-page","status-publish","hentry"],"yoast_head":"<!-- This site is optimized with the Yoast SEO plugin v27.1.1 - https:\/\/yoast.com\/product\/yoast-seo-wordpress\/ -->\n<title>Pol\u00edtica de Apoyo a la Maternidad - TECIN - MINERIA<\/title>\n<meta name=\"robots\" content=\"index, follow, max-snippet:-1, max-image-preview:large, max-video-preview:-1\" \/>\n<link rel=\"canonical\" href=\"https:\/\/tecin-mineria.com.ar\/si20te17\/politica-de-apoyo-a-la-maternidad\/\" \/>\n<meta property=\"og:locale\" content=\"es_ES\" \/>\n<meta property=\"og:type\" content=\"article\" \/>\n<meta property=\"og:title\" content=\"Pol\u00edtica de Apoyo a la Maternidad - TECIN - MINERIA\" \/>\n<meta property=\"og:description\" content=\"[vc_row][vc_column width=&#8221;4\/5&#8243; css=&#8221;.vc_custom_1635538273087{margin-top: 100px !important;}&#8221;][vc_custom_heading text=&#8221;Pol\u00edtica de Apoyo a la Maternidad&#8221; font_container=&#8221;tag:h3|text_align:left&#8221; use_theme_fonts=&#8221;yes&#8221;][vc_separator][vc_empty_space][vc_column_text]En TECIN MINER\u00cdA, estamos comprometidos en la protecci\u00f3n de la familia de nuestros\u00a0 empleados, brindando apoyo a la maternidad y promoviendo la corresponsabilidad del padre. \u2022 Las mujeres embarazadas no podr\u00e1n realizar tareas que sean potencialmente\u00a0 peligrosas para su salud o la del\" \/>\n<meta property=\"og:url\" content=\"https:\/\/tecin-mineria.com.ar\/si20te17\/politica-de-apoyo-a-la-maternidad\/\" \/>\n<meta property=\"og:site_name\" content=\"TECIN - MINERIA\" \/>\n<meta property=\"article:modified_time\" content=\"2021-10-29T20:12:03+00:00\" \/>\n<meta name=\"twitter:card\" content=\"summary_large_image\" \/>\n<meta name=\"twitter:label1\" content=\"Tiempo de lectura\" \/>\n\t<meta name=\"twitter:data1\" content=\"2 minutos\" \/>\n<script type=\"application\/ld+json\" class=\"yoast-schema-graph\">{\"@context\":\"https:\/\/schema.org\",\"@graph\":[{\"@type\":\"WebPage\",\"@id\":\"https:\/\/tecin-mineria.com.ar\/si20te17\/politica-de-apoyo-a-la-maternidad\/\",\"url\":\"https:\/\/tecin-mineria.com.ar\/si20te17\/politica-de-apoyo-a-la-maternidad\/\",\"name\":\"Pol\u00edtica de Apoyo a la Maternidad - TECIN - MINERIA\",\"isPartOf\":{\"@id\":\"https:\/\/tecin-mineria.com.ar\/si20te17\/#website\"},\"datePublished\":\"2021-10-04T19:16:58+00:00\",\"dateModified\":\"2021-10-29T20:12:03+00:00\",\"breadcrumb\":{\"@id\":\"https:\/\/tecin-mineria.com.ar\/si20te17\/politica-de-apoyo-a-la-maternidad\/#breadcrumb\"},\"inLanguage\":\"es-AR\",\"potentialAction\":[{\"@type\":\"ReadAction\",\"target\":[\"https:\/\/tecin-mineria.com.ar\/si20te17\/politica-de-apoyo-a-la-maternidad\/\"]}]},{\"@type\":\"BreadcrumbList\",\"@id\":\"https:\/\/tecin-mineria.com.ar\/si20te17\/politica-de-apoyo-a-la-maternidad\/#breadcrumb\",\"itemListElement\":[{\"@type\":\"ListItem\",\"position\":1,\"name\":\"Inicio\",\"item\":\"https:\/\/tecin-mineria.com.ar\/si20te17\/\"},{\"@type\":\"ListItem\",\"position\":2,\"name\":\"Pol\u00edtica de Apoyo a la Maternidad\"}]},{\"@type\":\"WebSite\",\"@id\":\"https:\/\/tecin-mineria.com.ar\/si20te17\/#website\",\"url\":\"https:\/\/tecin-mineria.com.ar\/si20te17\/\",\"name\":\"TECIN - MINERIA\",\"description\":\"SOCIOS EN LA SEGURIDAD\",\"publisher\":{\"@id\":\"https:\/\/tecin-mineria.com.ar\/si20te17\/#organization\"},\"potentialAction\":[{\"@type\":\"SearchAction\",\"target\":{\"@type\":\"EntryPoint\",\"urlTemplate\":\"https:\/\/tecin-mineria.com.ar\/si20te17\/?s={search_term_string}\"},\"query-input\":{\"@type\":\"PropertyValueSpecification\",\"valueRequired\":true,\"valueName\":\"search_term_string\"}}],\"inLanguage\":\"es-AR\"},{\"@type\":\"Organization\",\"@id\":\"https:\/\/tecin-mineria.com.ar\/si20te17\/#organization\",\"name\":\"Tecin Mineria\",\"url\":\"https:\/\/tecin-mineria.com.ar\/si20te17\/\",\"logo\":{\"@type\":\"ImageObject\",\"inLanguage\":\"es-AR\",\"@id\":\"https:\/\/tecin-mineria.com.ar\/si20te17\/#\/schema\/logo\/image\/\",\"url\":\"https:\/\/tecin-mineria.com.ar\/si20te17\/wp-content\/uploads\/2018\/12\/TECIN-Mineria-logo-3.png\",\"contentUrl\":\"https:\/\/tecin-mineria.com.ar\/si20te17\/wp-content\/uploads\/2018\/12\/TECIN-Mineria-logo-3.png\",\"width\":328,\"height\":195,\"caption\":\"Tecin Mineria\"},\"image\":{\"@id\":\"https:\/\/tecin-mineria.com.ar\/si20te17\/#\/schema\/logo\/image\/\"},\"sameAs\":[\"https:\/\/www.linkedin.com\/in\/daniel-ab\u00e9-07754027\/\"]}]}<\/script>\n<!-- \/ Yoast SEO plugin. -->","yoast_head_json":{"title":"Pol\u00edtica de Apoyo a la Maternidad - TECIN - MINERIA","robots":{"index":"index","follow":"follow","max-snippet":"max-snippet:-1","max-image-preview":"max-image-preview:large","max-video-preview":"max-video-preview:-1"},"canonical":"https:\/\/tecin-mineria.com.ar\/si20te17\/politica-de-apoyo-a-la-maternidad\/","og_locale":"es_ES","og_type":"article","og_title":"Pol\u00edtica de Apoyo a la Maternidad - TECIN - MINERIA","og_description":"[vc_row][vc_column width=&#8221;4\/5&#8243; css=&#8221;.vc_custom_1635538273087{margin-top: 100px !important;}&#8221;][vc_custom_heading text=&#8221;Pol\u00edtica de Apoyo a la Maternidad&#8221; font_container=&#8221;tag:h3|text_align:left&#8221; use_theme_fonts=&#8221;yes&#8221;][vc_separator][vc_empty_space][vc_column_text]En TECIN MINER\u00cdA, estamos comprometidos en la protecci\u00f3n de la familia de nuestros\u00a0 empleados, brindando apoyo a la maternidad y promoviendo la corresponsabilidad del padre. \u2022 Las mujeres embarazadas no podr\u00e1n realizar tareas que sean potencialmente\u00a0 peligrosas para su salud o la del","og_url":"https:\/\/tecin-mineria.com.ar\/si20te17\/politica-de-apoyo-a-la-maternidad\/","og_site_name":"TECIN - MINERIA","article_modified_time":"2021-10-29T20:12:03+00:00","twitter_card":"summary_large_image","twitter_misc":{"Tiempo de lectura":"2 minutos"},"schema":{"@context":"https:\/\/schema.org","@graph":[{"@type":"WebPage","@id":"https:\/\/tecin-mineria.com.ar\/si20te17\/politica-de-apoyo-a-la-maternidad\/","url":"https:\/\/tecin-mineria.com.ar\/si20te17\/politica-de-apoyo-a-la-maternidad\/","name":"Pol\u00edtica de Apoyo a la Maternidad - TECIN - MINERIA","isPartOf":{"@id":"https:\/\/tecin-mineria.com.ar\/si20te17\/#website"},"datePublished":"2021-10-04T19:16:58+00:00","dateModified":"2021-10-29T20:12:03+00:00","breadcrumb":{"@id":"https:\/\/tecin-mineria.com.ar\/si20te17\/politica-de-apoyo-a-la-maternidad\/#breadcrumb"},"inLanguage":"es-AR","potentialAction":[{"@type":"ReadAction","target":["https:\/\/tecin-mineria.com.ar\/si20te17\/politica-de-apoyo-a-la-maternidad\/"]}]},{"@type":"BreadcrumbList","@id":"https:\/\/tecin-mineria.com.ar\/si20te17\/politica-de-apoyo-a-la-maternidad\/#breadcrumb","itemListElement":[{"@type":"ListItem","position":1,"name":"Inicio","item":"https:\/\/tecin-mineria.com.ar\/si20te17\/"},{"@type":"ListItem","position":2,"name":"Pol\u00edtica de Apoyo a la Maternidad"}]},{"@type":"WebSite","@id":"https:\/\/tecin-mineria.com.ar\/si20te17\/#website","url":"https:\/\/tecin-mineria.com.ar\/si20te17\/","name":"TECIN - MINERIA","description":"SOCIOS EN LA SEGURIDAD","publisher":{"@id":"https:\/\/tecin-mineria.com.ar\/si20te17\/#organization"},"potentialAction":[{"@type":"SearchAction","target":{"@type":"EntryPoint","urlTemplate":"https:\/\/tecin-mineria.com.ar\/si20te17\/?s={search_term_string}"},"query-input":{"@type":"PropertyValueSpecification","valueRequired":true,"valueName":"search_term_string"}}],"inLanguage":"es-AR"},{"@type":"Organization","@id":"https:\/\/tecin-mineria.com.ar\/si20te17\/#organization","name":"Tecin Mineria","url":"https:\/\/tecin-mineria.com.ar\/si20te17\/","logo":{"@type":"ImageObject","inLanguage":"es-AR","@id":"https:\/\/tecin-mineria.com.ar\/si20te17\/#\/schema\/logo\/image\/","url":"https:\/\/tecin-mineria.com.ar\/si20te17\/wp-content\/uploads\/2018\/12\/TECIN-Mineria-logo-3.png","contentUrl":"https:\/\/tecin-mineria.com.ar\/si20te17\/wp-content\/uploads\/2018\/12\/TECIN-Mineria-logo-3.png","width":328,"height":195,"caption":"Tecin Mineria"},"image":{"@id":"https:\/\/tecin-mineria.com.ar\/si20te17\/#\/schema\/logo\/image\/"},"sameAs":["https:\/\/www.linkedin.com\/in\/daniel-ab\u00e9-07754027\/"]}]}},"_links":{"self":[{"href":"https:\/\/tecin-mineria.com.ar\/si20te17\/wp-json\/wp\/v2\/pages\/1830","targetHints":{"allow":["GET"]}}],"collection":[{"href":"https:\/\/tecin-mineria.com.ar\/si20te17\/wp-json\/wp\/v2\/pages"}],"about":[{"href":"https:\/\/tecin-mineria.com.ar\/si20te17\/wp-json\/wp\/v2\/types\/page"}],"author":[{"embeddable":true,"href":"https:\/\/tecin-mineria.com.ar\/si20te17\/wp-json\/wp\/v2\/users\/6"}],"replies":[{"embeddable":true,"href":"https:\/\/tecin-mineria.com.ar\/si20te17\/wp-json\/wp\/v2\/comments?post=1830"}],"version-history":[{"count":6,"href":"https:\/\/tecin-mineria.com.ar\/si20te17\/wp-json\/wp\/v2\/pages\/1830\/revisions"}],"predecessor-version":[{"id":2008,"href":"https:\/\/tecin-mineria.com.ar\/si20te17\/wp-json\/wp\/v2\/pages\/1830\/revisions\/2008"}],"wp:attachment":[{"href":"https:\/\/tecin-mineria.com.ar\/si20te17\/wp-json\/wp\/v2\/media?parent=1830"}],"curies":[{"name":"wp","href":"https:\/\/api.w.org\/{rel}","templated":true}]}}