{"id":2136,"date":"2022-08-08T07:08:33","date_gmt":"2022-08-08T10:08:33","guid":{"rendered":"https:\/\/tecin-mineria.com.ar\/si20te17\/?page_id=2136"},"modified":"2022-08-18T13:36:26","modified_gmt":"2022-08-18T16:36:26","slug":"sistema-de-carga-rapida-de-combustible","status":"publish","type":"page","link":"https:\/\/tecin-mineria.com.ar\/si20te17\/productos\/sistema-de-carga-rapida-de-combustible\/","title":{"rendered":"Sistemas de carga r\u00e1pida de combustible"},"content":{"rendered":"<p>[vc_row container=&#8221;1&#8243; css=&#8221;.vc_custom_1544111096182{margin-top: 70px !important;margin-bottom: 70px !important;}&#8221;][vc_column][vc_single_image image=&#8221;2138&#8243; img_size=&#8221;full&#8221; alignment=&#8221;center&#8221; style=&#8221;vc_box_shadow_3d&#8221;][\/vc_column][\/vc_row][vc_row container=&#8221;1&#8243; el_class=&#8221;row-list-wrapper&#8221;][vc_column][vc_column_text]<b>SISTEMAS DE CARGA R\u00c1PIDA DE COMBUSTIBLE<\/b><\/p>\n<p><span style=\"font-weight: 400;\">Tecin Miner\u00eda suministra, instala y repara los sistemas de llenado r\u00e1pido Wiggins, aprobados por todos los fabricantes de equipos originales y ampliamente reconocido como el l\u00edder del mercado de llenado r\u00e1pido de combustible.\u00a0<\/span><\/p>\n<p>Con los crecientes costos asociados con las lesiones de los trabajadores, la remediaci\u00f3n de materiales peligrosos y el aumento del costo del combustible di\u00e9sel, el sistema de reabastecimiento de combustible de Wiggins es una herramienta esencial para todos los equipos fuera de carretera. Al suministrar combustible a velocidades de hasta 150 galones o m\u00e1s por minuto, el sistema Wiggins ahorra costos gracias a una rotaci\u00f3n m\u00e1s r\u00e1pida del equipo.<\/p>\n<p><b>SISTEMAS PARA SERVICIO DE ACEITE DE CARTER<\/b><\/p>\n<p>Los sistemas Wiggins para el cambio de aceite de c\u00e1rter, el servicio de flu\u00eddos de transmisi\u00f3n, el mantenimiento del aceite hidr\u00e1ulico y el llenado de fluido refrigerante producen aumentos de productividad.<\/p>\n<p>La mayor\u00eda de las grandes operaciones minera utilizan los sistemas de servicio Wiggins.[\/vc_column_text][\/vc_column][\/vc_row][vc_row][vc_column width=&#8221;1\/2&#8243;][vc_single_image image=&#8221;2159&#8243; img_size=&#8221;full&#8221; alignment=&#8221;center&#8221; style=&#8221;vc_box_shadow_3d&#8221;][\/vc_column][vc_column width=&#8221;1\/2&#8243;][vc_single_image image=&#8221;2161&#8243; img_size=&#8221;full&#8221; alignment=&#8221;center&#8221; style=&#8221;vc_box_shadow_3d&#8221;][\/vc_column][\/vc_row][vc_row][vc_column][vc_btn title=&#8221;VER FICHA&#8221; style=&#8221;custom&#8221; custom_background=&#8221;#e1332c&#8221; custom_text=&#8221;#ffffff&#8221; shape=&#8221;square&#8221; align=&#8221;center&#8221; button_block=&#8221;true&#8221; link=&#8221;url:https%3A%2F%2Ftecin-mineria.com.ar%2Fsi20te17%2Fwp-content%2Fuploads%2F2022%2F08%2FTECIN-MINERIA-Catalogo-Wiggins.pdf|title:VER%20FICHA|target:%20_blank|&#8221;][\/vc_column][\/vc_row]<\/p>\n","protected":false},"excerpt":{"rendered":"<p>[vc_row container=&#8221;1&#8243; css=&#8221;.vc_custom_1544111096182{margin-top: 70px !important;margin-bottom: 70px !important;}&#8221;][vc_column][vc_single_image image=&#8221;2138&#8243; img_size=&#8221;full&#8221; alignment=&#8221;center&#8221; style=&#8221;vc_box_shadow_3d&#8221;][\/vc_column][\/vc_row][vc_row container=&#8221;1&#8243; el_class=&#8221;row-list-wrapper&#8221;][vc_column][vc_column_text]SISTEMAS DE CARGA R\u00c1PIDA DE COMBUSTIBLE Tecin Miner\u00eda suministra, instala y repara los sistemas de llenado r\u00e1pido Wiggins, aprobados por todos los fabricantes de equipos originales y ampliamente reconocido como el l\u00edder del mercado de llenado r\u00e1pido de combustible.\u00a0 Con los crecientes costos<\/p>\n","protected":false},"author":4,"featured_media":0,"parent":440,"menu_order":9,"comment_status":"closed","ping_status":"closed","template":"","meta":{"footnotes":""},"class_list":["post-2136","page","type-page","status-publish","hentry"],"yoast_head":"<!-- This site is optimized with the Yoast SEO plugin v27.1.1 - https:\/\/yoast.com\/product\/yoast-seo-wordpress\/ -->\n<title>Sistemas Wiggins: Carga r\u00e1pida de combustible<\/title>\n<meta name=\"description\" content=\"Entr\u00e1 y conoc\u00e9 los sistemas Wiggins de carga r\u00e1pida de combustible y sistemas para servicio de aceite de carter.\" \/>\n<meta name=\"robots\" content=\"index, follow, max-snippet:-1, max-image-preview:large, max-video-preview:-1\" \/>\n<link rel=\"canonical\" href=\"https:\/\/tecin-mineria.com.ar\/si20te17\/productos\/sistema-de-carga-rapida-de-combustible\/\" \/>\n<meta property=\"og:locale\" content=\"es_ES\" \/>\n<meta property=\"og:type\" content=\"article\" \/>\n<meta property=\"og:title\" content=\"Sistemas Wiggins: Carga r\u00e1pida de combustible\" \/>\n<meta property=\"og:description\" content=\"Entr\u00e1 y conoc\u00e9 los sistemas Wiggins de carga r\u00e1pida de combustible y sistemas para servicio de aceite de carter.\" \/>\n<meta property=\"og:url\" content=\"https:\/\/tecin-mineria.com.ar\/si20te17\/productos\/sistema-de-carga-rapida-de-combustible\/\" \/>\n<meta property=\"og:site_name\" content=\"TECIN - MINERIA\" \/>\n<meta property=\"article:modified_time\" content=\"2022-08-18T16:36:26+00:00\" \/>\n<meta name=\"twitter:card\" content=\"summary_large_image\" \/>\n<meta name=\"twitter:label1\" content=\"Tiempo de lectura\" \/>\n\t<meta name=\"twitter:data1\" content=\"1 minuto\" \/>\n<script type=\"application\/ld+json\" class=\"yoast-schema-graph\">{\"@context\":\"https:\/\/schema.org\",\"@graph\":[{\"@type\":\"WebPage\",\"@id\":\"https:\/\/tecin-mineria.com.ar\/si20te17\/productos\/sistema-de-carga-rapida-de-combustible\/\",\"url\":\"https:\/\/tecin-mineria.com.ar\/si20te17\/productos\/sistema-de-carga-rapida-de-combustible\/\",\"name\":\"Sistemas Wiggins: Carga r\u00e1pida de combustible\",\"isPartOf\":{\"@id\":\"https:\/\/tecin-mineria.com.ar\/si20te17\/#website\"},\"datePublished\":\"2022-08-08T10:08:33+00:00\",\"dateModified\":\"2022-08-18T16:36:26+00:00\",\"description\":\"Entr\u00e1 y conoc\u00e9 los sistemas Wiggins de carga r\u00e1pida de combustible y sistemas para servicio de aceite de carter.\",\"breadcrumb\":{\"@id\":\"https:\/\/tecin-mineria.com.ar\/si20te17\/productos\/sistema-de-carga-rapida-de-combustible\/#breadcrumb\"},\"inLanguage\":\"es-AR\",\"potentialAction\":[{\"@type\":\"ReadAction\",\"target\":[\"https:\/\/tecin-mineria.com.ar\/si20te17\/productos\/sistema-de-carga-rapida-de-combustible\/\"]}]},{\"@type\":\"BreadcrumbList\",\"@id\":\"https:\/\/tecin-mineria.com.ar\/si20te17\/productos\/sistema-de-carga-rapida-de-combustible\/#breadcrumb\",\"itemListElement\":[{\"@type\":\"ListItem\",\"position\":1,\"name\":\"Inicio\",\"item\":\"https:\/\/tecin-mineria.com.ar\/si20te17\/\"},{\"@type\":\"ListItem\",\"position\":2,\"name\":\"Productos\",\"item\":\"https:\/\/tecin-mineria.com.ar\/si20te17\/productos\/\"},{\"@type\":\"ListItem\",\"position\":3,\"name\":\"Sistemas de carga r\u00e1pida de combustible\"}]},{\"@type\":\"WebSite\",\"@id\":\"https:\/\/tecin-mineria.com.ar\/si20te17\/#website\",\"url\":\"https:\/\/tecin-mineria.com.ar\/si20te17\/\",\"name\":\"TECIN - MINERIA\",\"description\":\"SOCIOS EN LA SEGURIDAD\",\"publisher\":{\"@id\":\"https:\/\/tecin-mineria.com.ar\/si20te17\/#organization\"},\"potentialAction\":[{\"@type\":\"SearchAction\",\"target\":{\"@type\":\"EntryPoint\",\"urlTemplate\":\"https:\/\/tecin-mineria.com.ar\/si20te17\/?s={search_term_string}\"},\"query-input\":{\"@type\":\"PropertyValueSpecification\",\"valueRequired\":true,\"valueName\":\"search_term_string\"}}],\"inLanguage\":\"es-AR\"},{\"@type\":\"Organization\",\"@id\":\"https:\/\/tecin-mineria.com.ar\/si20te17\/#organization\",\"name\":\"Tecin Mineria\",\"url\":\"https:\/\/tecin-mineria.com.ar\/si20te17\/\",\"logo\":{\"@type\":\"ImageObject\",\"inLanguage\":\"es-AR\",\"@id\":\"https:\/\/tecin-mineria.com.ar\/si20te17\/#\/schema\/logo\/image\/\",\"url\":\"https:\/\/tecin-mineria.com.ar\/si20te17\/wp-content\/uploads\/2018\/12\/TECIN-Mineria-logo-3.png\",\"contentUrl\":\"https:\/\/tecin-mineria.com.ar\/si20te17\/wp-content\/uploads\/2018\/12\/TECIN-Mineria-logo-3.png\",\"width\":328,\"height\":195,\"caption\":\"Tecin Mineria\"},\"image\":{\"@id\":\"https:\/\/tecin-mineria.com.ar\/si20te17\/#\/schema\/logo\/image\/\"},\"sameAs\":[\"https:\/\/www.linkedin.com\/in\/daniel-ab\u00e9-07754027\/\"]}]}<\/script>\n<!-- \/ Yoast SEO plugin. -->","yoast_head_json":{"title":"Sistemas Wiggins: Carga r\u00e1pida de combustible","description":"Entr\u00e1 y conoc\u00e9 los sistemas Wiggins de carga r\u00e1pida de combustible y sistemas para servicio de aceite de carter.","robots":{"index":"index","follow":"follow","max-snippet":"max-snippet:-1","max-image-preview":"max-image-preview:large","max-video-preview":"max-video-preview:-1"},"canonical":"https:\/\/tecin-mineria.com.ar\/si20te17\/productos\/sistema-de-carga-rapida-de-combustible\/","og_locale":"es_ES","og_type":"article","og_title":"Sistemas Wiggins: Carga r\u00e1pida de combustible","og_description":"Entr\u00e1 y conoc\u00e9 los sistemas Wiggins de carga r\u00e1pida de combustible y sistemas para servicio de aceite de carter.","og_url":"https:\/\/tecin-mineria.com.ar\/si20te17\/productos\/sistema-de-carga-rapida-de-combustible\/","og_site_name":"TECIN - MINERIA","article_modified_time":"2022-08-18T16:36:26+00:00","twitter_card":"summary_large_image","twitter_misc":{"Tiempo de lectura":"1 minuto"},"schema":{"@context":"https:\/\/schema.org","@graph":[{"@type":"WebPage","@id":"https:\/\/tecin-mineria.com.ar\/si20te17\/productos\/sistema-de-carga-rapida-de-combustible\/","url":"https:\/\/tecin-mineria.com.ar\/si20te17\/productos\/sistema-de-carga-rapida-de-combustible\/","name":"Sistemas Wiggins: Carga r\u00e1pida de combustible","isPartOf":{"@id":"https:\/\/tecin-mineria.com.ar\/si20te17\/#website"},"datePublished":"2022-08-08T10:08:33+00:00","dateModified":"2022-08-18T16:36:26+00:00","description":"Entr\u00e1 y conoc\u00e9 los sistemas Wiggins de carga r\u00e1pida de combustible y sistemas para servicio de aceite de carter.","breadcrumb":{"@id":"https:\/\/tecin-mineria.com.ar\/si20te17\/productos\/sistema-de-carga-rapida-de-combustible\/#breadcrumb"},"inLanguage":"es-AR","potentialAction":[{"@type":"ReadAction","target":["https:\/\/tecin-mineria.com.ar\/si20te17\/productos\/sistema-de-carga-rapida-de-combustible\/"]}]},{"@type":"BreadcrumbList","@id":"https:\/\/tecin-mineria.com.ar\/si20te17\/productos\/sistema-de-carga-rapida-de-combustible\/#breadcrumb","itemListElement":[{"@type":"ListItem","position":1,"name":"Inicio","item":"https:\/\/tecin-mineria.com.ar\/si20te17\/"},{"@type":"ListItem","position":2,"name":"Productos","item":"https:\/\/tecin-mineria.com.ar\/si20te17\/productos\/"},{"@type":"ListItem","position":3,"name":"Sistemas de carga r\u00e1pida de combustible"}]},{"@type":"WebSite","@id":"https:\/\/tecin-mineria.com.ar\/si20te17\/#website","url":"https:\/\/tecin-mineria.com.ar\/si20te17\/","name":"TECIN - MINERIA","description":"SOCIOS EN LA SEGURIDAD","publisher":{"@id":"https:\/\/tecin-mineria.com.ar\/si20te17\/#organization"},"potentialAction":[{"@type":"SearchAction","target":{"@type":"EntryPoint","urlTemplate":"https:\/\/tecin-mineria.com.ar\/si20te17\/?s={search_term_string}"},"query-input":{"@type":"PropertyValueSpecification","valueRequired":true,"valueName":"search_term_string"}}],"inLanguage":"es-AR"},{"@type":"Organization","@id":"https:\/\/tecin-mineria.com.ar\/si20te17\/#organization","name":"Tecin Mineria","url":"https:\/\/tecin-mineria.com.ar\/si20te17\/","logo":{"@type":"ImageObject","inLanguage":"es-AR","@id":"https:\/\/tecin-mineria.com.ar\/si20te17\/#\/schema\/logo\/image\/","url":"https:\/\/tecin-mineria.com.ar\/si20te17\/wp-content\/uploads\/2018\/12\/TECIN-Mineria-logo-3.png","contentUrl":"https:\/\/tecin-mineria.com.ar\/si20te17\/wp-content\/uploads\/2018\/12\/TECIN-Mineria-logo-3.png","width":328,"height":195,"caption":"Tecin Mineria"},"image":{"@id":"https:\/\/tecin-mineria.com.ar\/si20te17\/#\/schema\/logo\/image\/"},"sameAs":["https:\/\/www.linkedin.com\/in\/daniel-ab\u00e9-07754027\/"]}]}},"_links":{"self":[{"href":"https:\/\/tecin-mineria.com.ar\/si20te17\/wp-json\/wp\/v2\/pages\/2136","targetHints":{"allow":["GET"]}}],"collection":[{"href":"https:\/\/tecin-mineria.com.ar\/si20te17\/wp-json\/wp\/v2\/pages"}],"about":[{"href":"https:\/\/tecin-mineria.com.ar\/si20te17\/wp-json\/wp\/v2\/types\/page"}],"author":[{"embeddable":true,"href":"https:\/\/tecin-mineria.com.ar\/si20te17\/wp-json\/wp\/v2\/users\/4"}],"replies":[{"embeddable":true,"href":"https:\/\/tecin-mineria.com.ar\/si20te17\/wp-json\/wp\/v2\/comments?post=2136"}],"version-history":[{"count":9,"href":"https:\/\/tecin-mineria.com.ar\/si20te17\/wp-json\/wp\/v2\/pages\/2136\/revisions"}],"predecessor-version":[{"id":2179,"href":"https:\/\/tecin-mineria.com.ar\/si20te17\/wp-json\/wp\/v2\/pages\/2136\/revisions\/2179"}],"up":[{"embeddable":true,"href":"https:\/\/tecin-mineria.com.ar\/si20te17\/wp-json\/wp\/v2\/pages\/440"}],"wp:attachment":[{"href":"https:\/\/tecin-mineria.com.ar\/si20te17\/wp-json\/wp\/v2\/media?parent=2136"}],"curies":[{"name":"wp","href":"https:\/\/api.w.org\/{rel}","templated":true}]}}